5*f + 51. Let x = 1984 - 1644. Let g = x - f. Is g a composite number?
True
Suppose 2*g = 7*g - 755. Let y = g + -140. Let k(q) = 98*q + 4. Is k(y) prime?
False
Let s(t) = 4*t - 56. Let o be s(16). Suppose -10*l = -6*l - o. Suppose 0 = -4*c - b + 3443, -5*c + l*b + 4837 - 517 = 0. Is c a prime number?
False
Let d(p) = 75*p**2 + 14*p - 15. Let w(q) = -38*q**2 - 7*q + 8. Let r(y) = -3*d(y) - 7*w(y). Is r(7) a composite number?
True
Let u(j) = 655*j + 36. Let y(z) = -654*z - 37. Let a(k) = 2*u(k) + 3*y(k). Is a(-10) a composite number?
False
Let u(m) = 2585*m**2 - 216*m + 48. Is u(11) prime?
False
Let s = -27 + 18. Let o be 5/2 - ((-18)/(-4))/s. Is (-2)/o + 3/((-27)/(-105)) prime?
True
Suppose -72 - 66 = 23*r. Let s be 5/(-3)*(-18)/(-2). Is (48 + s)*(-46)/r prime?
False
Suppose 0 = 2*l - 8*k - 76170, -4*l = -4*k + 2*k - 152284. Is l a prime number?
True
Suppose 7*b - 200435 = -9*j + 4*j, 0 = -5*b. Is j composite?
False
Let s = -6278 - -12195. Is s prime?
False
Suppose 0 = 18*k - 150 + 42. Suppose 0 = j + 2*j. Suppose -2*n + k = -j*n, -4*n = 5*m - 5627. Is m a composite number?
False
Let d(z) = 377*z**2 - z - 8. Let r(b) = 377*b**2 - b - 9. Suppose 0 = 5*a - j - 27, 0 = 2*a + 3*a + 2*j - 36. Let l(g) = a*d(g) - 5*r(g). Is l(-2) composite?
True
Let s be (-995)/3 - 2/6. Let w = 210 - 225. Let a = w - s. Is a a prime number?
True
Suppose 269 - 273 = -4*f. Is 11*(72/1 - f) a composite number?
True
Let q = 110580 + 59521. Is q prime?
True
Suppose 293 = -6*n + 239. Let w(g) = g**2 - 22*g - 16. Is w(n) a prime number?
True
Suppose -14*y = -14*y + 6*y - 237954. Is y composite?
False
Suppose -10*b + 2485320 = 20*b. Suppose -6*q - 1922 = -b. Is q a composite number?
False
Let w = -634 + 10613. Is w a prime number?
False
Suppose -2230 = -5*o + 50820. Let k be (o/4)/(9/(-36)). Is (k/(-15))/(2/3) a composite number?
False
Suppose -12320 = 4*r - 5*r + 2*b, 2*b - 61624 = -5*r. Let q = r - -5977. Is q prime?
True
Let u(v) = v**2 + 7*v - 13. Let i(t) = 20*t - 3. Let c be i(-2). Is u(c) a prime number?
False
Suppose -3*r + 56667 = -5*p, -5*r + 3*r = -4*p - 37774. Is r composite?
False
Let h be (-2840)/(-1) + 1*-2. Let w(d) = -d**2 - 90*d - 280. Let i be w(-71). Let g = h + i. Is g a composite number?
False
Suppose -2*b + 7*b = 4*m + 12, 5*m = 2*b - 32. Let y(p) be the first derivative of p**4/4 + 4*p**3 + p**2 - p - 1505. Is y(m) a composite number?
False
Let x be (0 + (-1)/(-2))/(13/191464). Suppose 0 = -4*b + 5*z + x, -3581 = -3*b - 2*z + 1942. Is b a composite number?
True
Let q(o) = 1008*o**3 + 36*o**2 + 29. Is q(6) a composite number?
False
Is 24/8*(-7 - -1230) composite?
True
Is (-284394)/(-1364)*3118/3 a prime number?
False
Suppose -5*k - 6*r = -11*r - 3840, 0 = 5*k + r - 3840. Let g = 2327 - k. Is g prime?
True
Let m = -618 - -1129. Suppose z - 1021 = 4*b - 4*z, -z = 3*b + 761. Let x = m + b. Is x composite?
False
Let k = 7 - -29. Suppose -4 = -8*t + k. Suppose -t*b + 2*f + 12855 = 0, 5*b - 3*b - 5113 = -5*f. Is b a composite number?
True
Suppose -5*t - 8 = 4*k - 6*k, -16 = -4*k - 5*t. Let p be k*3/(-18) - 104/6. Let h(l) = -9*l - 29. Is h(p) prime?
False
Let s = -23 + 28. Suppose -5*l = k - 7719, l + s*k = 589 + 974. Is l prime?
True
Let p = 568487 + -381688. Is p prime?
True
Let k = 9454 + -6093. Suppose 4*h - k = 1675. Is h prime?
True
Suppose -7*m + 2*m - 25 = 0, 4*m - 20 = -h. Let l be (4 - 90/21) + h/(-7). Is (36/15)/(l/(-15)) prime?
False
Let u = 347 - 329. Suppose 55696 + 55292 = u*o. Is o composite?
True
Let m(g) = -8*g - 6. Let w be m(-4). Let z = -26 + w. Suppose z = 5*k - 138 - 52. Is k prime?
False
Let m be 1 - (0 + 1 + -1). Let o(c) = -63*c**2 + 110*c**3 - 23*c**3 + 48*c**3 - 1 + 120*c**2 + 2*c - 59*c**2. Is o(m) a prime number?
False
Let i(b) be the second derivative of -b**4/12 + 3*b**3/2 - 6*b**2 + 10*b. Let k be i(4). Suppose k*s - 1534 = 3850. Is s prime?
True
Suppose -z + 21*z = -30*z + 6962050. Is z composite?
False
Suppose -3*j - 46*p = -47*p - 3825077, -3*j - 6*p = -3825021. Is j composite?
True
Let o = 8 - 9. Is o + (1612/5 - 14/35) a prime number?
False
Suppose -5*x + 22 = -3*s, -2*x - 26*s + 8 = -27*s. Suppose 0 = -4*p, o - x*o + 4022 = -4*p. Is o a composite number?
True
Suppose 0 = 5*y + 4*j - 78 - 143, -4*j + 16 = 0. Suppose -y*k + 123356 = -88655. Is k a prime number?
True
Suppose 6*u - 3*u + 72 = 0. Let y = u - -26. Is (7 - y)/(-10)*-1522 composite?
False
Suppose 2*k + 228 = 5*f - 993, 2*f - 2*k - 492 = 0. Suppose 23*p = c + 18*p - 271, c + 2*p = f. Is c a composite number?
False
Let b(w) = -570*w - 13. Suppose 0 = -5*n - 5*y - 20, 5*y - 21 + 1 = 0. Is b(n) a prime number?
True
Let b = -5 - -17. Suppose 4*j = -2*k + b, -2*k + 3*j - 7 = -3*k. Suppose -k*l = l - 2395. Is l composite?
False
Let i(w) = 15*w**3 + 16*w**2 - 21*w - 1. Let v be i(9). Suppose 4*p = 6*p - u - v, 4*p = 5*u + 24073. Is p a composite number?
True
Let f be 50*(-2 + 15/6) - 2. Suppose -5*y - 2601 = -r, 27*r - 10480 = f*r + y. Is r composite?
False
Suppose -a + 49*d = 44*d - 45819, 0 = -a + 2*d + 45825. Is a a composite number?
True
Let t(m) = 2*m**2 + 3*m + 3. Let x = 49 + -50. Let b be t(x). Suppose -2*l - 143 = -j + b*l, 15 = -3*l. Is j composite?
True
Let c(z) = -7*z**2 - 1. Let f be c(1). Let x(w) = w**2 + 6*w - 4. Let k be x(f). Is k/(-32) - 731/(-8) a composite number?
True
Suppose -349*k + 440*k = 8985431. Is k a prime number?
False
Let a = 20 + -24. Let v(u) = -1242*u + 11. Is v(a) composite?
True
Let o(a) = -9*a**3 - 4*a**2 + 7*a + 4. Let x be o(2). Let b be (-4)/14 + x/98 - 3. Is (249 - 2) + b/(-1) composite?
False
Let p(w) = -1014*w - 23. Let m(u) = -1015*u - 20. Let f(j) = 4*m(j) - 3*p(j). Is f(-3) a prime number?
False
Suppose 0 = 2*w - 5*v - 399696, 58*w - 63*w + 4*v = -999257. Is w a composite number?
False
Suppose -724*u + 568247 - 2698022 = -799*u. Is u a composite number?
True
Let a(r) = -112*r**3 + 5*r**2 + 2*r - 2. Let u = -12 + 9. Let q be a(u). Suppose 2*b - q + 507 = 0. Is b prime?
True
Let q be -5*349 + 2/2. Let h = -313 + 3570. Let w = h + q. Is w prime?
False
Suppose 3*a = -102 + 33. Suppose 12 = 2*n - 48. Let w = n + a. Is w a composite number?
False
Suppose -90 = 5*y - 15*y. Is 15540/9 + 0 + (-6)/y a prime number?
False
Let g(c) = c**2 - 10*c + 21. Let s be g(5). Is 1584905/(-98)*s/10 prime?
True
Suppose -16*s + 19*s = 4*x - 401830, 5*s = 4*x - 401826. Is x prime?
True
Let w(t) = 9432*t**2 + 55 - 174 + 58 + 60 - 18*t. Is w(1) prime?
True
Let m(p) = 2*p**3 + 19*p**2 - 15*p - 33. Let o be m(-10). Suppose 0 = -9*b - o*b + 91078. Is b prime?
False
Let z = 52087 - 18206. Is z a composite number?
True
Let h(v) = -2*v. Let t(a) = 358*a - 127. Let x(w) = 3*h(w) - t(w). Is x(-8) a prime number?
False
Let r(c) = 2*c**2 + c + 2. Let z be r(-1). Let q(w) = -w**3 + 5*w**2 - w. Let g be q(z). Is (-50)/g*102/(-10) prime?
False
Let y(t) = t**3 - t**2 - 12*t + 17. Let w be y(7). Let i = w - 61. Is i composite?
True
Let v be -26 + 35 + (-1 - -1752). Suppose -3*x + 369 + 802 = 2*f, 3*f + x - v = 0. Is f a prime number?
True
Is 6 + 2 + (-24258564)/(-44) a prime number?
True
Let n = -274315 - -478028. Is n a composite number?
False
Suppose 4*q - 2*l = 5462 + 2, -3*l = -2*q + 2736. Let o = 5566 - q. Is o a composite number?
False
Let w = -6322 - -21951. Is w composite?
False
Let q(s) = 140*s + 40. Let a be q(-12). Let w = 1530 - a. Let x = w - 1547. Is x a composite number?
True
Let l(j) = -3*j**2 - 2*j - 2. Let i be l(-1). Let u(b) = -2*b**2 + 1. Let y(z) = 166*z**2 - z + 12. Let s(m) = -2*u(m) + y(m). Is s(i) a prime number?
True
Let t = -26641 - -76322. Is t composite?
False
Let m(v) = v**3 - 10*v**2 + 6*v + 29. Let a be m(9). Suppose 0*b - a*d + 3 = b, 6 = 2*d. Is (-2 - -5) + 887 + b prime?
True
Let f(p) = -6*p + 23. Let a be f(3). Suppose -a*c = -4*z - 19089, 4*c + 5*z - z - 15300 = 0. Is c prime?
True
Let z = -5574 - -9565. Suppose v - 330 = x + 473, -3*x = 5*v - z. Let p = v - 247. Is p composite?
True
Let t(v) = -1736*v + 50. Let p be t(15). Is (-186)/18 + 10 + p/(-3) composite?
False
Is (2/(44/26338510))/5 a prime number?
True
Is 1/((-8)/(-22) - (-27119097)/(-74578031)) a composite number?
False
Suppose 128*n - 548765 = 6647139. Is n composite?
True
Let h(o) = -o**3 + 45*o**2 - 36*o - 53. Is h(39) composite?
False
Suppose -4*t + 78988 = -